{"id":704,"date":"2026-02-11T17:07:37","date_gmt":"2026-02-11T16:07:37","guid":{"rendered":"https:\/\/www.acat.cat\/?post_type=tallers-esdev&#038;p=704"},"modified":"2026-03-17T18:03:56","modified_gmt":"2026-03-17T17:03:56","slug":"la-maduresa-individual-i-collectiva-en-els-sistemes-familiars-socials-i-professionals","status":"publish","type":"tallers-esdev","link":"https:\/\/www.acat.cat\/es\/tallers-events\/la-maduresa-individual-i-collectiva-en-els-sistemes-familiars-socials-i-professionals\/","title":{"rendered":"La maduresa individual i col\u00b7lectiva en els sistemes familiars, socials i professionals"},"content":{"rendered":"\n<p>11 de FEBRER \ud83d\uddd3\ufe0f 19:00h\u23f0<\/p>\n\n\n\n<p>\ud83d\ude80Et convidem a participar a la nostra primera trobada Dimecres d\u2019ACAT amb el t\u00edtol:<\/p>\n\n\n\n<p>\u00abLa maduresa individual i col\u00b7lectiva en els sistemes familiars, socials i professionals\u00bb<\/p>\n\n\n\n<p>\ud83d\udde3\ufe0fEn aquesta xerrada abordarem el concepte de \u00abmaduresa\u00bb en els tres criteris fonamentals per al creixement individual i col\u00b7lectiu.<\/p>\n\n\n\n<p>\ud83e\udde0La maduresa arriba quan ens hem constru\u00eft una identitat s\u00f2lida, on la identitat de l\u2019altre no \u00e9s perillosa\u26a0\ufe0f, sin\u00f3 al contrari, una font d\u2019aprenentatge perqu\u00e8 t\u00e9 experi\u00e8ncies diferents de les nostres.<\/p>\n\n\n\n<p>\ud83d\udc64La maduresa individual influenciar\u00e0 la maduresa col\u00b7lectiva creant harmonia en les organitzacions siguin familiars, socials o professionals\ud83e\udec2<\/p>\n","protected":false},"excerpt":{"rendered":"<p>En aquesta xerrada abordarem el concepte de \u00abmaduresa\u00bb en els tres criteris fonamentals per al creixement individual i col\u00b7lectiu.<\/p>\n","protected":false},"featured_media":741,"template":"","class_list":["post-704","tallers-esdev","type-tallers-esdev","status-publish","has-post-thumbnail","hentry"],"yoast_head":"<!-- This site is optimized with the Yoast SEO plugin v27.3 - https:\/\/yoast.com\/product\/yoast-seo-wordpress\/ -->\n<title>La maduresa individual i col\u00b7lectiva en els sistemes familiars, socials i professionals - ACAT<\/title>\n<meta name=\"robots\" content=\"index, follow, max-snippet:-1, max-image-preview:large, max-video-preview:-1\" \/>\n<link rel=\"canonical\" href=\"https:\/\/www.acat.cat\/es\/tallers-events\/la-maduresa-individual-i-collectiva-en-els-sistemes-familiars-socials-i-professionals\/\" \/>\n<meta property=\"og:locale\" content=\"es_ES\" \/>\n<meta property=\"og:type\" content=\"article\" \/>\n<meta property=\"og:title\" content=\"La maduresa individual i col\u00b7lectiva en els sistemes familiars, socials i professionals - ACAT\" \/>\n<meta property=\"og:description\" content=\"En aquesta xerrada abordarem el concepte de &quot;maduresa&quot; en els tres criteris fonamentals per al creixement individual i col\u00b7lectiu.\" \/>\n<meta property=\"og:url\" content=\"https:\/\/www.acat.cat\/es\/tallers-events\/la-maduresa-individual-i-collectiva-en-els-sistemes-familiars-socials-i-professionals\/\" \/>\n<meta property=\"og:site_name\" content=\"ACAT\" \/>\n<meta property=\"article:modified_time\" content=\"2026-03-17T17:03:56+00:00\" \/>\n<meta property=\"og:image\" content=\"https:\/\/www.acat.cat\/wp-content\/uploads\/2026\/02\/WhatsApp-Image-2026-03-17-at-17.06.09.jpeg\" \/>\n\t<meta property=\"og:image:width\" content=\"1080\" \/>\n\t<meta property=\"og:image:height\" content=\"1350\" \/>\n\t<meta property=\"og:image:type\" content=\"image\/jpeg\" \/>\n<meta name=\"twitter:card\" content=\"summary_large_image\" \/>\n<meta name=\"twitter:label1\" content=\"Tiempo de lectura\" \/>\n\t<meta name=\"twitter:data1\" content=\"1 minuto\" \/>\n<script type=\"application\/ld+json\" class=\"yoast-schema-graph\">{\"@context\":\"https:\\\/\\\/schema.org\",\"@graph\":[{\"@type\":\"WebPage\",\"@id\":\"https:\\\/\\\/www.acat.cat\\\/es\\\/tallers-events\\\/la-maduresa-individual-i-collectiva-en-els-sistemes-familiars-socials-i-professionals\\\/\",\"url\":\"https:\\\/\\\/www.acat.cat\\\/es\\\/tallers-events\\\/la-maduresa-individual-i-collectiva-en-els-sistemes-familiars-socials-i-professionals\\\/\",\"name\":\"La maduresa individual i col\u00b7lectiva en els sistemes familiars, socials i professionals - ACAT\",\"isPartOf\":{\"@id\":\"https:\\\/\\\/www.acat.cat\\\/es\\\/#website\"},\"primaryImageOfPage\":{\"@id\":\"https:\\\/\\\/www.acat.cat\\\/es\\\/tallers-events\\\/la-maduresa-individual-i-collectiva-en-els-sistemes-familiars-socials-i-professionals\\\/#primaryimage\"},\"image\":{\"@id\":\"https:\\\/\\\/www.acat.cat\\\/es\\\/tallers-events\\\/la-maduresa-individual-i-collectiva-en-els-sistemes-familiars-socials-i-professionals\\\/#primaryimage\"},\"thumbnailUrl\":\"https:\\\/\\\/www.acat.cat\\\/wp-content\\\/uploads\\\/2026\\\/02\\\/WhatsApp-Image-2026-03-17-at-17.06.09.jpeg\",\"datePublished\":\"2026-02-11T16:07:37+00:00\",\"dateModified\":\"2026-03-17T17:03:56+00:00\",\"breadcrumb\":{\"@id\":\"https:\\\/\\\/www.acat.cat\\\/es\\\/tallers-events\\\/la-maduresa-individual-i-collectiva-en-els-sistemes-familiars-socials-i-professionals\\\/#breadcrumb\"},\"inLanguage\":\"es\",\"potentialAction\":[{\"@type\":\"ReadAction\",\"target\":[\"https:\\\/\\\/www.acat.cat\\\/es\\\/tallers-events\\\/la-maduresa-individual-i-collectiva-en-els-sistemes-familiars-socials-i-professionals\\\/\"]}]},{\"@type\":\"ImageObject\",\"inLanguage\":\"es\",\"@id\":\"https:\\\/\\\/www.acat.cat\\\/es\\\/tallers-events\\\/la-maduresa-individual-i-collectiva-en-els-sistemes-familiars-socials-i-professionals\\\/#primaryimage\",\"url\":\"https:\\\/\\\/www.acat.cat\\\/wp-content\\\/uploads\\\/2026\\\/02\\\/WhatsApp-Image-2026-03-17-at-17.06.09.jpeg\",\"contentUrl\":\"https:\\\/\\\/www.acat.cat\\\/wp-content\\\/uploads\\\/2026\\\/02\\\/WhatsApp-Image-2026-03-17-at-17.06.09.jpeg\",\"width\":1080,\"height\":1350,\"caption\":\"Display esdeveniment Jonatan, Georges, Llu\u00eds\"},{\"@type\":\"BreadcrumbList\",\"@id\":\"https:\\\/\\\/www.acat.cat\\\/es\\\/tallers-events\\\/la-maduresa-individual-i-collectiva-en-els-sistemes-familiars-socials-i-professionals\\\/#breadcrumb\",\"itemListElement\":[{\"@type\":\"ListItem\",\"position\":1,\"name\":\"Portada\",\"item\":\"https:\\\/\\\/www.acat.cat\\\/es\\\/inicio\\\/\"},{\"@type\":\"ListItem\",\"position\":2,\"name\":\"Tallers i Esdeveniments\",\"item\":\"https:\\\/\\\/www.acat.cat\\\/es\\\/tallers-events\\\/\"},{\"@type\":\"ListItem\",\"position\":3,\"name\":\"La maduresa individual i col\u00b7lectiva en els sistemes familiars, socials i professionals\"}]},{\"@type\":\"WebSite\",\"@id\":\"https:\\\/\\\/www.acat.cat\\\/es\\\/#website\",\"url\":\"https:\\\/\\\/www.acat.cat\\\/es\\\/\",\"name\":\"ACAT\",\"description\":\"Associaci\u00f3 Catalana d&#039;An\u00e0lisi Transaccional\",\"publisher\":{\"@id\":\"https:\\\/\\\/www.acat.cat\\\/es\\\/#organization\"},\"potentialAction\":[{\"@type\":\"SearchAction\",\"target\":{\"@type\":\"EntryPoint\",\"urlTemplate\":\"https:\\\/\\\/www.acat.cat\\\/es\\\/?s={search_term_string}\"},\"query-input\":{\"@type\":\"PropertyValueSpecification\",\"valueRequired\":true,\"valueName\":\"search_term_string\"}}],\"inLanguage\":\"es\"},{\"@type\":\"Organization\",\"@id\":\"https:\\\/\\\/www.acat.cat\\\/es\\\/#organization\",\"name\":\"ACAT\",\"url\":\"https:\\\/\\\/www.acat.cat\\\/es\\\/\",\"logo\":{\"@type\":\"ImageObject\",\"inLanguage\":\"es\",\"@id\":\"https:\\\/\\\/www.acat.cat\\\/es\\\/#\\\/schema\\\/logo\\\/image\\\/\",\"url\":\"https:\\\/\\\/www.acat.cat\\\/wp-content\\\/uploads\\\/2025\\\/12\\\/Logo-ACAT-Final-horizontal-scaled.png\",\"contentUrl\":\"https:\\\/\\\/www.acat.cat\\\/wp-content\\\/uploads\\\/2025\\\/12\\\/Logo-ACAT-Final-horizontal-scaled.png\",\"width\":2560,\"height\":639,\"caption\":\"ACAT\"},\"image\":{\"@id\":\"https:\\\/\\\/www.acat.cat\\\/es\\\/#\\\/schema\\\/logo\\\/image\\\/\"}}]}<\/script>\n<!-- \/ Yoast SEO plugin. -->","yoast_head_json":{"title":"La maduresa individual i col\u00b7lectiva en els sistemes familiars, socials i professionals - ACAT","robots":{"index":"index","follow":"follow","max-snippet":"max-snippet:-1","max-image-preview":"max-image-preview:large","max-video-preview":"max-video-preview:-1"},"canonical":"https:\/\/www.acat.cat\/es\/tallers-events\/la-maduresa-individual-i-collectiva-en-els-sistemes-familiars-socials-i-professionals\/","og_locale":"es_ES","og_type":"article","og_title":"La maduresa individual i col\u00b7lectiva en els sistemes familiars, socials i professionals - ACAT","og_description":"En aquesta xerrada abordarem el concepte de \"maduresa\" en els tres criteris fonamentals per al creixement individual i col\u00b7lectiu.","og_url":"https:\/\/www.acat.cat\/es\/tallers-events\/la-maduresa-individual-i-collectiva-en-els-sistemes-familiars-socials-i-professionals\/","og_site_name":"ACAT","article_modified_time":"2026-03-17T17:03:56+00:00","og_image":[{"width":1080,"height":1350,"url":"https:\/\/www.acat.cat\/wp-content\/uploads\/2026\/02\/WhatsApp-Image-2026-03-17-at-17.06.09.jpeg","type":"image\/jpeg"}],"twitter_card":"summary_large_image","twitter_misc":{"Tiempo de lectura":"1 minuto"},"schema":{"@context":"https:\/\/schema.org","@graph":[{"@type":"WebPage","@id":"https:\/\/www.acat.cat\/es\/tallers-events\/la-maduresa-individual-i-collectiva-en-els-sistemes-familiars-socials-i-professionals\/","url":"https:\/\/www.acat.cat\/es\/tallers-events\/la-maduresa-individual-i-collectiva-en-els-sistemes-familiars-socials-i-professionals\/","name":"La maduresa individual i col\u00b7lectiva en els sistemes familiars, socials i professionals - ACAT","isPartOf":{"@id":"https:\/\/www.acat.cat\/es\/#website"},"primaryImageOfPage":{"@id":"https:\/\/www.acat.cat\/es\/tallers-events\/la-maduresa-individual-i-collectiva-en-els-sistemes-familiars-socials-i-professionals\/#primaryimage"},"image":{"@id":"https:\/\/www.acat.cat\/es\/tallers-events\/la-maduresa-individual-i-collectiva-en-els-sistemes-familiars-socials-i-professionals\/#primaryimage"},"thumbnailUrl":"https:\/\/www.acat.cat\/wp-content\/uploads\/2026\/02\/WhatsApp-Image-2026-03-17-at-17.06.09.jpeg","datePublished":"2026-02-11T16:07:37+00:00","dateModified":"2026-03-17T17:03:56+00:00","breadcrumb":{"@id":"https:\/\/www.acat.cat\/es\/tallers-events\/la-maduresa-individual-i-collectiva-en-els-sistemes-familiars-socials-i-professionals\/#breadcrumb"},"inLanguage":"es","potentialAction":[{"@type":"ReadAction","target":["https:\/\/www.acat.cat\/es\/tallers-events\/la-maduresa-individual-i-collectiva-en-els-sistemes-familiars-socials-i-professionals\/"]}]},{"@type":"ImageObject","inLanguage":"es","@id":"https:\/\/www.acat.cat\/es\/tallers-events\/la-maduresa-individual-i-collectiva-en-els-sistemes-familiars-socials-i-professionals\/#primaryimage","url":"https:\/\/www.acat.cat\/wp-content\/uploads\/2026\/02\/WhatsApp-Image-2026-03-17-at-17.06.09.jpeg","contentUrl":"https:\/\/www.acat.cat\/wp-content\/uploads\/2026\/02\/WhatsApp-Image-2026-03-17-at-17.06.09.jpeg","width":1080,"height":1350,"caption":"Display esdeveniment Jonatan, Georges, Llu\u00eds"},{"@type":"BreadcrumbList","@id":"https:\/\/www.acat.cat\/es\/tallers-events\/la-maduresa-individual-i-collectiva-en-els-sistemes-familiars-socials-i-professionals\/#breadcrumb","itemListElement":[{"@type":"ListItem","position":1,"name":"Portada","item":"https:\/\/www.acat.cat\/es\/inicio\/"},{"@type":"ListItem","position":2,"name":"Tallers i Esdeveniments","item":"https:\/\/www.acat.cat\/es\/tallers-events\/"},{"@type":"ListItem","position":3,"name":"La maduresa individual i col\u00b7lectiva en els sistemes familiars, socials i professionals"}]},{"@type":"WebSite","@id":"https:\/\/www.acat.cat\/es\/#website","url":"https:\/\/www.acat.cat\/es\/","name":"ACAT","description":"Associaci\u00f3 Catalana d&#039;An\u00e0lisi Transaccional","publisher":{"@id":"https:\/\/www.acat.cat\/es\/#organization"},"potentialAction":[{"@type":"SearchAction","target":{"@type":"EntryPoint","urlTemplate":"https:\/\/www.acat.cat\/es\/?s={search_term_string}"},"query-input":{"@type":"PropertyValueSpecification","valueRequired":true,"valueName":"search_term_string"}}],"inLanguage":"es"},{"@type":"Organization","@id":"https:\/\/www.acat.cat\/es\/#organization","name":"ACAT","url":"https:\/\/www.acat.cat\/es\/","logo":{"@type":"ImageObject","inLanguage":"es","@id":"https:\/\/www.acat.cat\/es\/#\/schema\/logo\/image\/","url":"https:\/\/www.acat.cat\/wp-content\/uploads\/2025\/12\/Logo-ACAT-Final-horizontal-scaled.png","contentUrl":"https:\/\/www.acat.cat\/wp-content\/uploads\/2025\/12\/Logo-ACAT-Final-horizontal-scaled.png","width":2560,"height":639,"caption":"ACAT"},"image":{"@id":"https:\/\/www.acat.cat\/es\/#\/schema\/logo\/image\/"}}]}},"_links":{"self":[{"href":"https:\/\/www.acat.cat\/es\/wp-json\/wp\/v2\/tallers-esdev\/704","targetHints":{"allow":["GET"]}}],"collection":[{"href":"https:\/\/www.acat.cat\/es\/wp-json\/wp\/v2\/tallers-esdev"}],"about":[{"href":"https:\/\/www.acat.cat\/es\/wp-json\/wp\/v2\/types\/tallers-esdev"}],"version-history":[{"count":0,"href":"https:\/\/www.acat.cat\/es\/wp-json\/wp\/v2\/tallers-esdev\/704\/revisions"}],"wp:featuredmedia":[{"embeddable":true,"href":"https:\/\/www.acat.cat\/es\/wp-json\/wp\/v2\/media\/741"}],"wp:attachment":[{"href":"https:\/\/www.acat.cat\/es\/wp-json\/wp\/v2\/media?parent=704"}],"curies":[{"name":"wp","href":"https:\/\/api.w.org\/{rel}","templated":true}]}}

<p>11 de FEBRER 🗓️ 19:00h⏰</p>



<p>🚀Et convidem a participar a la nostra primera trobada Dimecres d’ACAT amb el títol:</p>



<p>«La maduresa individual i col·lectiva en els sistemes familiars, socials i professionals»</p>



<p>🗣️En aquesta xerrada abordarem el concepte de «maduresa» en els tres criteris fonamentals per al creixement individual i col·lectiu.</p>



<p>🧠La maduresa arriba quan ens hem construït una identitat sòlida, on la identitat de l’altre no és perillosa⚠️, sinó al contrari, una font d’aprenentatge perquè té experiències diferents de les nostres.</p>



<p>👤La maduresa individual influenciarà la maduresa col·lectiva creant harmonia en les organitzacions siguin familiars, socials o professionals🫂</p>

<!-- This site is optimized with the Yoast SEO plugin v27.3 - https://yoast.com/product/yoast-seo-wordpress/ -->
<title>La maduresa individual i col·lectiva en els sistemes familiars, socials i professionals - ACAT</title>
<meta name="robots" content="index, follow, max-snippet:-1, max-image-preview:large, max-video-preview:-1" />
<link rel="canonical" href="https://www.acat.cat/es/tallers-events/la-maduresa-individual-i-collectiva-en-els-sistemes-familiars-socials-i-professionals/" />
<meta property="og:locale" content="es_ES" />
<meta property="og:type" content="article" />
<meta property="og:title" content="La maduresa individual i col·lectiva en els sistemes familiars, socials i professionals - ACAT" />
<meta property="og:description" content="En aquesta xerrada abordarem el concepte de &quot;maduresa&quot; en els tres criteris fonamentals per al creixement individual i col·lectiu." />
<meta property="og:url" content="https://www.acat.cat/es/tallers-events/la-maduresa-individual-i-collectiva-en-els-sistemes-familiars-socials-i-professionals/" />
<meta property="og:site_name" content="ACAT" />
<meta property="article:modified_time" content="2026-03-17T17:03:56+00:00" />
<meta property="og:image" content="https://www.acat.cat/wp-content/uploads/2026/02/WhatsApp-Image-2026-03-17-at-17.06.09.jpeg" />
	<meta property="og:image:width" content="1080" />
	<meta property="og:image:height" content="1350" />
	<meta property="og:image:type" content="image/jpeg" />
<meta name="twitter:card" content="summary_large_image" />
<meta name="twitter:label1" content="Tiempo de lectura" />
	<meta name="twitter:data1" content="1 minuto" />
<script type="application/ld+json" class="yoast-schema-graph">{"@context":"https:\/\/schema.org","@graph":[{"@type":"WebPage","@id":"https:\/\/www.acat.cat\/es\/tallers-events\/la-maduresa-individual-i-collectiva-en-els-sistemes-familiars-socials-i-professionals\/","url":"https:\/\/www.acat.cat\/es\/tallers-events\/la-maduresa-individual-i-collectiva-en-els-sistemes-familiars-socials-i-professionals\/","name":"La maduresa individual i col·lectiva en els sistemes familiars, socials i professionals - ACAT","isPartOf":{"@id":"https:\/\/www.acat.cat\/es\/#website"},"primaryImageOfPage":{"@id":"https:\/\/www.acat.cat\/es\/tallers-events\/la-maduresa-individual-i-collectiva-en-els-sistemes-familiars-socials-i-professionals\/#primaryimage"},"image":{"@id":"https:\/\/www.acat.cat\/es\/tallers-events\/la-maduresa-individual-i-collectiva-en-els-sistemes-familiars-socials-i-professionals\/#primaryimage"},"thumbnailUrl":"https:\/\/www.acat.cat\/wp-content\/uploads\/2026\/02\/WhatsApp-Image-2026-03-17-at-17.06.09.jpeg","datePublished":"2026-02-11T16:07:37+00:00","dateModified":"2026-03-17T17:03:56+00:00","breadcrumb":{"@id":"https:\/\/www.acat.cat\/es\/tallers-events\/la-maduresa-individual-i-collectiva-en-els-sistemes-familiars-socials-i-professionals\/#breadcrumb"},"inLanguage":"es","potentialAction":[{"@type":"ReadAction","target":["https:\/\/www.acat.cat\/es\/tallers-events\/la-maduresa-individual-i-collectiva-en-els-sistemes-familiars-socials-i-professionals\/"]}]},{"@type":"ImageObject","inLanguage":"es","@id":"https:\/\/www.acat.cat\/es\/tallers-events\/la-maduresa-individual-i-collectiva-en-els-sistemes-familiars-socials-i-professionals\/#primaryimage","url":"https:\/\/www.acat.cat\/wp-content\/uploads\/2026\/02\/WhatsApp-Image-2026-03-17-at-17.06.09.jpeg","contentUrl":"https:\/\/www.acat.cat\/wp-content\/uploads\/2026\/02\/WhatsApp-Image-2026-03-17-at-17.06.09.jpeg","width":1080,"height":1350,"caption":"Display esdeveniment Jonatan, Georges, Lluís"},{"@type":"BreadcrumbList","@id":"https:\/\/www.acat.cat\/es\/tallers-events\/la-maduresa-individual-i-collectiva-en-els-sistemes-familiars-socials-i-professionals\/#breadcrumb","itemListElement":[{"@type":"ListItem","position":1,"name":"Portada","item":"https:\/\/www.acat.cat\/es\/inicio\/"},{"@type":"ListItem","position":2,"name":"Tallers i Esdeveniments","item":"https:\/\/www.acat.cat\/es\/tallers-events\/"},{"@type":"ListItem","position":3,"name":"La maduresa individual i col·lectiva en els sistemes familiars, socials i professionals"}]},{"@type":"WebSite","@id":"https:\/\/www.acat.cat\/es\/#website","url":"https:\/\/www.acat.cat\/es\/","name":"ACAT","description":"Associació Catalana d&#039;Anàlisi Transaccional","publisher":{"@id":"https:\/\/www.acat.cat\/es\/#organization"},"potentialAction":[{"@type":"SearchAction","target":{"@type":"EntryPoint","urlTemplate":"https:\/\/www.acat.cat\/es\/?s={search_term_string}"},"query-input":{"@type":"PropertyValueSpecification","valueRequired":true,"valueName":"search_term_string"}}],"inLanguage":"es"},{"@type":"Organization","@id":"https:\/\/www.acat.cat\/es\/#organization","name":"ACAT","url":"https:\/\/www.acat.cat\/es\/","logo":{"@type":"ImageObject","inLanguage":"es","@id":"https:\/\/www.acat.cat\/es\/#\/schema\/logo\/image\/","url":"https:\/\/www.acat.cat\/wp-content\/uploads\/2025\/12\/Logo-ACAT-Final-horizontal-scaled.png","contentUrl":"https:\/\/www.acat.cat\/wp-content\/uploads\/2025\/12\/Logo-ACAT-Final-horizontal-scaled.png","width":2560,"height":639,"caption":"ACAT"},"image":{"@id":"https:\/\/www.acat.cat\/es\/#\/schema\/logo\/image\/"}}]}</script>
<!-- / Yoast SEO plugin. -->

Display esdeveniment Jonatan, Georges, Lluís

Associació Catalana d&#039;Anàlisi Transaccional
