{"id":941,"date":"2026-04-02T15:43:13","date_gmt":"2026-04-02T13:43:13","guid":{"rendered":"https:\/\/www.acat.cat\/?post_type=tallers-esdev&#038;p=941"},"modified":"2026-04-02T15:43:16","modified_gmt":"2026-04-02T13:43:16","slug":"parlant-senten-la-gent-o-no","status":"publish","type":"tallers-esdev","link":"https:\/\/www.acat.cat\/es\/tallers-events\/parlant-senten-la-gent-o-no\/","title":{"rendered":"Parlant s\u2019ent\u00e9n la gent (o no!)"},"content":{"rendered":"\n<p><em>El proper 8 d\u2019ABRIL \ud83d\uddd3\ufe0f 19:00h \u23f0<\/em><\/p>\n\n\n\n<p>\ud83d\ude80 Et convidem a:<\/p>\n\n\n\n<p>\ud83d\udcd6 \u00abParlant s\u2019ent\u00e9n la gent (o no!)\u00bb del nostre company Lu\u00eds Casado.<\/p>\n\n\n\n<p>\ud83c\udf39 A l\u2019abril, amb motiu de Sant Jordi, no pod\u00edem fer una altra cosa que presentar un llibre.<\/p>\n\n\n\n<p>\ud83e\udec2 El llibre, que integra AT i altres t\u00e8cniques, presenta un model integrat que premia millorar les relacions entre les persones.<\/p>\n\n\n\n<p>\ud83d\udcc8Segueix un proc\u00e9s creixent de dificultat, comen\u00e7ant per considerar els atributs inevitables en tota relaci\u00f3, \ud83d\udde3\ufe0fles t\u00e8cniques de comunicaci\u00f3 b\u00e0siques, i acaba presentant eines espec\u00edfiques per abordar diferents tipus de situacions dif\u00edcils\u2692\ufe0f, fins a arribar a les relacions de conflicte\u26a0\ufe0f.<\/p>\n\n\n\n<p>T\u2019esperem! \ud83e\udef6\ud83c\udffd<\/p>\n\n\n\n<p>Inscripcions a: acatbcn@gmail.com<\/p>\n","protected":false},"excerpt":{"rendered":"<p>El proper 8 d\u2019ABRIL \ud83d\uddd3\ufe0f 19:00h \u23f0 \ud83d\ude80 Et convidem a: \ud83d\udcd6 \u00abParlant s\u2019ent\u00e9n la gent (o no!)\u00bb del nostre company Lu\u00eds Casado. \ud83c\udf39 A l\u2019abril, amb motiu de Sant Jordi, no pod\u00edem fer una altra cosa que presentar un llibre. \ud83e\udec2 El llibre, que integra AT i altres t\u00e8cniques, presenta un model integrat que [&hellip;]<\/p>\n","protected":false},"featured_media":942,"template":"","class_list":["post-941","tallers-esdev","type-tallers-esdev","status-publish","has-post-thumbnail","hentry"],"yoast_head":"<!-- This site is optimized with the Yoast SEO plugin v27.3 - https:\/\/yoast.com\/product\/yoast-seo-wordpress\/ -->\n<title>Parlant s\u2019ent\u00e9n la gent (o no!), per Llu\u00eds Casado - ACAT<\/title>\n<meta name=\"description\" content=\"A l\u2019abril, amb motiu de Sant Jordi, no pod\u00edem fer una altra cosa que presentar un llibre. T\u2019esperem!\" \/>\n<meta name=\"robots\" content=\"index, follow, max-snippet:-1, max-image-preview:large, max-video-preview:-1\" \/>\n<link rel=\"canonical\" href=\"https:\/\/www.acat.cat\/es\/tallers-events\/parlant-senten-la-gent-o-no\/\" \/>\n<meta property=\"og:locale\" content=\"es_ES\" \/>\n<meta property=\"og:type\" content=\"article\" \/>\n<meta property=\"og:title\" content=\"Parlant s\u2019ent\u00e9n la gent (o no!), per Llu\u00eds Casado - ACAT\" \/>\n<meta property=\"og:description\" content=\"A l\u2019abril, amb motiu de Sant Jordi, no pod\u00edem fer una altra cosa que presentar un llibre. T\u2019esperem!\" \/>\n<meta property=\"og:url\" content=\"https:\/\/www.acat.cat\/es\/tallers-events\/parlant-senten-la-gent-o-no\/\" \/>\n<meta property=\"og:site_name\" content=\"ACAT\" \/>\n<meta property=\"article:modified_time\" content=\"2026-04-02T13:43:16+00:00\" \/>\n<meta property=\"og:image\" content=\"https:\/\/www.acat.cat\/wp-content\/uploads\/2026\/04\/WhatsApp-Image-2026-04-01-at-17.01.00.jpeg\" \/>\n\t<meta property=\"og:image:width\" content=\"1080\" \/>\n\t<meta property=\"og:image:height\" content=\"1350\" \/>\n\t<meta property=\"og:image:type\" content=\"image\/jpeg\" \/>\n<meta name=\"twitter:card\" content=\"summary_large_image\" \/>\n<meta name=\"twitter:label1\" content=\"Tiempo de lectura\" \/>\n\t<meta name=\"twitter:data1\" content=\"1 minuto\" \/>\n<script type=\"application\/ld+json\" class=\"yoast-schema-graph\">{\"@context\":\"https:\\\/\\\/schema.org\",\"@graph\":[{\"@type\":\"WebPage\",\"@id\":\"https:\\\/\\\/www.acat.cat\\\/es\\\/tallers-events\\\/parlant-senten-la-gent-o-no\\\/\",\"url\":\"https:\\\/\\\/www.acat.cat\\\/es\\\/tallers-events\\\/parlant-senten-la-gent-o-no\\\/\",\"name\":\"Parlant s\u2019ent\u00e9n la gent (o no!), per Llu\u00eds Casado - ACAT\",\"isPartOf\":{\"@id\":\"https:\\\/\\\/www.acat.cat\\\/es\\\/#website\"},\"primaryImageOfPage\":{\"@id\":\"https:\\\/\\\/www.acat.cat\\\/es\\\/tallers-events\\\/parlant-senten-la-gent-o-no\\\/#primaryimage\"},\"image\":{\"@id\":\"https:\\\/\\\/www.acat.cat\\\/es\\\/tallers-events\\\/parlant-senten-la-gent-o-no\\\/#primaryimage\"},\"thumbnailUrl\":\"https:\\\/\\\/www.acat.cat\\\/wp-content\\\/uploads\\\/2026\\\/04\\\/WhatsApp-Image-2026-04-01-at-17.01.00.jpeg\",\"datePublished\":\"2026-04-02T13:43:13+00:00\",\"dateModified\":\"2026-04-02T13:43:16+00:00\",\"description\":\"A l\u2019abril, amb motiu de Sant Jordi, no pod\u00edem fer una altra cosa que presentar un llibre. T\u2019esperem!\",\"breadcrumb\":{\"@id\":\"https:\\\/\\\/www.acat.cat\\\/es\\\/tallers-events\\\/parlant-senten-la-gent-o-no\\\/#breadcrumb\"},\"inLanguage\":\"es\",\"potentialAction\":[{\"@type\":\"ReadAction\",\"target\":[\"https:\\\/\\\/www.acat.cat\\\/es\\\/tallers-events\\\/parlant-senten-la-gent-o-no\\\/\"]}]},{\"@type\":\"ImageObject\",\"inLanguage\":\"es\",\"@id\":\"https:\\\/\\\/www.acat.cat\\\/es\\\/tallers-events\\\/parlant-senten-la-gent-o-no\\\/#primaryimage\",\"url\":\"https:\\\/\\\/www.acat.cat\\\/wp-content\\\/uploads\\\/2026\\\/04\\\/WhatsApp-Image-2026-04-01-at-17.01.00.jpeg\",\"contentUrl\":\"https:\\\/\\\/www.acat.cat\\\/wp-content\\\/uploads\\\/2026\\\/04\\\/WhatsApp-Image-2026-04-01-at-17.01.00.jpeg\",\"width\":1080,\"height\":1350,\"caption\":\"\\\"Parlant s\u2019ent\u00e9n la gent (o no!)\\\". Lu\u00eds Casado.\"},{\"@type\":\"BreadcrumbList\",\"@id\":\"https:\\\/\\\/www.acat.cat\\\/es\\\/tallers-events\\\/parlant-senten-la-gent-o-no\\\/#breadcrumb\",\"itemListElement\":[{\"@type\":\"ListItem\",\"position\":1,\"name\":\"Portada\",\"item\":\"https:\\\/\\\/www.acat.cat\\\/es\\\/inicio\\\/\"},{\"@type\":\"ListItem\",\"position\":2,\"name\":\"Tallers i Esdeveniments\",\"item\":\"https:\\\/\\\/www.acat.cat\\\/es\\\/tallers-events\\\/\"},{\"@type\":\"ListItem\",\"position\":3,\"name\":\"Parlant s\u2019ent\u00e9n la gent (o no!)\"}]},{\"@type\":\"WebSite\",\"@id\":\"https:\\\/\\\/www.acat.cat\\\/es\\\/#website\",\"url\":\"https:\\\/\\\/www.acat.cat\\\/es\\\/\",\"name\":\"ACAT\",\"description\":\"Associaci\u00f3 Catalana d&#039;An\u00e0lisi Transaccional\",\"publisher\":{\"@id\":\"https:\\\/\\\/www.acat.cat\\\/es\\\/#organization\"},\"potentialAction\":[{\"@type\":\"SearchAction\",\"target\":{\"@type\":\"EntryPoint\",\"urlTemplate\":\"https:\\\/\\\/www.acat.cat\\\/es\\\/?s={search_term_string}\"},\"query-input\":{\"@type\":\"PropertyValueSpecification\",\"valueRequired\":true,\"valueName\":\"search_term_string\"}}],\"inLanguage\":\"es\"},{\"@type\":\"Organization\",\"@id\":\"https:\\\/\\\/www.acat.cat\\\/es\\\/#organization\",\"name\":\"ACAT\",\"url\":\"https:\\\/\\\/www.acat.cat\\\/es\\\/\",\"logo\":{\"@type\":\"ImageObject\",\"inLanguage\":\"es\",\"@id\":\"https:\\\/\\\/www.acat.cat\\\/es\\\/#\\\/schema\\\/logo\\\/image\\\/\",\"url\":\"https:\\\/\\\/www.acat.cat\\\/wp-content\\\/uploads\\\/2025\\\/12\\\/Logo-ACAT-Final-horizontal-scaled.png\",\"contentUrl\":\"https:\\\/\\\/www.acat.cat\\\/wp-content\\\/uploads\\\/2025\\\/12\\\/Logo-ACAT-Final-horizontal-scaled.png\",\"width\":2560,\"height\":639,\"caption\":\"ACAT\"},\"image\":{\"@id\":\"https:\\\/\\\/www.acat.cat\\\/es\\\/#\\\/schema\\\/logo\\\/image\\\/\"}}]}<\/script>\n<!-- \/ Yoast SEO plugin. -->","yoast_head_json":{"title":"Parlant s\u2019ent\u00e9n la gent (o no!), per Llu\u00eds Casado - ACAT","description":"A l\u2019abril, amb motiu de Sant Jordi, no pod\u00edem fer una altra cosa que presentar un llibre. T\u2019esperem!","robots":{"index":"index","follow":"follow","max-snippet":"max-snippet:-1","max-image-preview":"max-image-preview:large","max-video-preview":"max-video-preview:-1"},"canonical":"https:\/\/www.acat.cat\/es\/tallers-events\/parlant-senten-la-gent-o-no\/","og_locale":"es_ES","og_type":"article","og_title":"Parlant s\u2019ent\u00e9n la gent (o no!), per Llu\u00eds Casado - ACAT","og_description":"A l\u2019abril, amb motiu de Sant Jordi, no pod\u00edem fer una altra cosa que presentar un llibre. T\u2019esperem!","og_url":"https:\/\/www.acat.cat\/es\/tallers-events\/parlant-senten-la-gent-o-no\/","og_site_name":"ACAT","article_modified_time":"2026-04-02T13:43:16+00:00","og_image":[{"width":1080,"height":1350,"url":"https:\/\/www.acat.cat\/wp-content\/uploads\/2026\/04\/WhatsApp-Image-2026-04-01-at-17.01.00.jpeg","type":"image\/jpeg"}],"twitter_card":"summary_large_image","twitter_misc":{"Tiempo de lectura":"1 minuto"},"schema":{"@context":"https:\/\/schema.org","@graph":[{"@type":"WebPage","@id":"https:\/\/www.acat.cat\/es\/tallers-events\/parlant-senten-la-gent-o-no\/","url":"https:\/\/www.acat.cat\/es\/tallers-events\/parlant-senten-la-gent-o-no\/","name":"Parlant s\u2019ent\u00e9n la gent (o no!), per Llu\u00eds Casado - ACAT","isPartOf":{"@id":"https:\/\/www.acat.cat\/es\/#website"},"primaryImageOfPage":{"@id":"https:\/\/www.acat.cat\/es\/tallers-events\/parlant-senten-la-gent-o-no\/#primaryimage"},"image":{"@id":"https:\/\/www.acat.cat\/es\/tallers-events\/parlant-senten-la-gent-o-no\/#primaryimage"},"thumbnailUrl":"https:\/\/www.acat.cat\/wp-content\/uploads\/2026\/04\/WhatsApp-Image-2026-04-01-at-17.01.00.jpeg","datePublished":"2026-04-02T13:43:13+00:00","dateModified":"2026-04-02T13:43:16+00:00","description":"A l\u2019abril, amb motiu de Sant Jordi, no pod\u00edem fer una altra cosa que presentar un llibre. T\u2019esperem!","breadcrumb":{"@id":"https:\/\/www.acat.cat\/es\/tallers-events\/parlant-senten-la-gent-o-no\/#breadcrumb"},"inLanguage":"es","potentialAction":[{"@type":"ReadAction","target":["https:\/\/www.acat.cat\/es\/tallers-events\/parlant-senten-la-gent-o-no\/"]}]},{"@type":"ImageObject","inLanguage":"es","@id":"https:\/\/www.acat.cat\/es\/tallers-events\/parlant-senten-la-gent-o-no\/#primaryimage","url":"https:\/\/www.acat.cat\/wp-content\/uploads\/2026\/04\/WhatsApp-Image-2026-04-01-at-17.01.00.jpeg","contentUrl":"https:\/\/www.acat.cat\/wp-content\/uploads\/2026\/04\/WhatsApp-Image-2026-04-01-at-17.01.00.jpeg","width":1080,"height":1350,"caption":"\"Parlant s\u2019ent\u00e9n la gent (o no!)\". Lu\u00eds Casado."},{"@type":"BreadcrumbList","@id":"https:\/\/www.acat.cat\/es\/tallers-events\/parlant-senten-la-gent-o-no\/#breadcrumb","itemListElement":[{"@type":"ListItem","position":1,"name":"Portada","item":"https:\/\/www.acat.cat\/es\/inicio\/"},{"@type":"ListItem","position":2,"name":"Tallers i Esdeveniments","item":"https:\/\/www.acat.cat\/es\/tallers-events\/"},{"@type":"ListItem","position":3,"name":"Parlant s\u2019ent\u00e9n la gent (o no!)"}]},{"@type":"WebSite","@id":"https:\/\/www.acat.cat\/es\/#website","url":"https:\/\/www.acat.cat\/es\/","name":"ACAT","description":"Associaci\u00f3 Catalana d&#039;An\u00e0lisi Transaccional","publisher":{"@id":"https:\/\/www.acat.cat\/es\/#organization"},"potentialAction":[{"@type":"SearchAction","target":{"@type":"EntryPoint","urlTemplate":"https:\/\/www.acat.cat\/es\/?s={search_term_string}"},"query-input":{"@type":"PropertyValueSpecification","valueRequired":true,"valueName":"search_term_string"}}],"inLanguage":"es"},{"@type":"Organization","@id":"https:\/\/www.acat.cat\/es\/#organization","name":"ACAT","url":"https:\/\/www.acat.cat\/es\/","logo":{"@type":"ImageObject","inLanguage":"es","@id":"https:\/\/www.acat.cat\/es\/#\/schema\/logo\/image\/","url":"https:\/\/www.acat.cat\/wp-content\/uploads\/2025\/12\/Logo-ACAT-Final-horizontal-scaled.png","contentUrl":"https:\/\/www.acat.cat\/wp-content\/uploads\/2025\/12\/Logo-ACAT-Final-horizontal-scaled.png","width":2560,"height":639,"caption":"ACAT"},"image":{"@id":"https:\/\/www.acat.cat\/es\/#\/schema\/logo\/image\/"}}]}},"_links":{"self":[{"href":"https:\/\/www.acat.cat\/es\/wp-json\/wp\/v2\/tallers-esdev\/941","targetHints":{"allow":["GET"]}}],"collection":[{"href":"https:\/\/www.acat.cat\/es\/wp-json\/wp\/v2\/tallers-esdev"}],"about":[{"href":"https:\/\/www.acat.cat\/es\/wp-json\/wp\/v2\/types\/tallers-esdev"}],"version-history":[{"count":0,"href":"https:\/\/www.acat.cat\/es\/wp-json\/wp\/v2\/tallers-esdev\/941\/revisions"}],"wp:featuredmedia":[{"embeddable":true,"href":"https:\/\/www.acat.cat\/es\/wp-json\/wp\/v2\/media\/942"}],"wp:attachment":[{"href":"https:\/\/www.acat.cat\/es\/wp-json\/wp\/v2\/media?parent=941"}],"curies":[{"name":"wp","href":"https:\/\/api.w.org\/{rel}","templated":true}]}}

Parlant s’entén la gent (o no!)

<p><em>El proper 8 d’ABRIL 🗓️ 19:00h ⏰</em></p>



<p>🚀 Et convidem a:</p>



<p>📖 «Parlant s’entén la gent (o no!)» del nostre company Luís Casado.</p>



<p>🌹 A l’abril, amb motiu de Sant Jordi, no podíem fer una altra cosa que presentar un llibre.</p>



<p>🫂 El llibre, que integra AT i altres tècniques, presenta un model integrat que premia millorar les relacions entre les persones.</p>



<p>📈Segueix un procés creixent de dificultat, començant per considerar els atributs inevitables en tota relació, 🗣️les tècniques de comunicació bàsiques, i acaba presentant eines específiques per abordar diferents tipus de situacions difícils⚒️, fins a arribar a les relacions de conflicte⚠️.</p>



<p>T’esperem! 🫶🏽</p>



<p>Inscripcions a: acatbcn@gmail.com</p>

<p>El proper 8 d’ABRIL 🗓️ 19:00h ⏰ 🚀 Et convidem a: 📖 «Parlant s’entén la gent (o no!)» del nostre company Luís Casado. 🌹 A l’abril, amb motiu de Sant Jordi, no podíem fer una altra cosa que presentar un llibre. 🫂 El llibre, que integra AT i altres tècniques, presenta un model integrat que [&hellip;]</p>

<!-- This site is optimized with the Yoast SEO plugin v27.3 - https://yoast.com/product/yoast-seo-wordpress/ -->
<title>Parlant s’entén la gent (o no!), per Lluís Casado - ACAT</title>
<meta name="description" content="A l’abril, amb motiu de Sant Jordi, no podíem fer una altra cosa que presentar un llibre. T’esperem!" />
<meta name="robots" content="index, follow, max-snippet:-1, max-image-preview:large, max-video-preview:-1" />
<link rel="canonical" href="https://www.acat.cat/es/tallers-events/parlant-senten-la-gent-o-no/" />
<meta property="og:locale" content="es_ES" />
<meta property="og:type" content="article" />
<meta property="og:title" content="Parlant s’entén la gent (o no!), per Lluís Casado - ACAT" />
<meta property="og:description" content="A l’abril, amb motiu de Sant Jordi, no podíem fer una altra cosa que presentar un llibre. T’esperem!" />
<meta property="og:url" content="https://www.acat.cat/es/tallers-events/parlant-senten-la-gent-o-no/" />
<meta property="og:site_name" content="ACAT" />
<meta property="article:modified_time" content="2026-04-02T13:43:16+00:00" />
<meta property="og:image" content="https://www.acat.cat/wp-content/uploads/2026/04/WhatsApp-Image-2026-04-01-at-17.01.00.jpeg" />
	<meta property="og:image:width" content="1080" />
	<meta property="og:image:height" content="1350" />
	<meta property="og:image:type" content="image/jpeg" />
<meta name="twitter:card" content="summary_large_image" />
<meta name="twitter:label1" content="Tiempo de lectura" />
	<meta name="twitter:data1" content="1 minuto" />
<script type="application/ld+json" class="yoast-schema-graph">{"@context":"https:\/\/schema.org","@graph":[{"@type":"WebPage","@id":"https:\/\/www.acat.cat\/es\/tallers-events\/parlant-senten-la-gent-o-no\/","url":"https:\/\/www.acat.cat\/es\/tallers-events\/parlant-senten-la-gent-o-no\/","name":"Parlant s’entén la gent (o no!), per Lluís Casado - ACAT","isPartOf":{"@id":"https:\/\/www.acat.cat\/es\/#website"},"primaryImageOfPage":{"@id":"https:\/\/www.acat.cat\/es\/tallers-events\/parlant-senten-la-gent-o-no\/#primaryimage"},"image":{"@id":"https:\/\/www.acat.cat\/es\/tallers-events\/parlant-senten-la-gent-o-no\/#primaryimage"},"thumbnailUrl":"https:\/\/www.acat.cat\/wp-content\/uploads\/2026\/04\/WhatsApp-Image-2026-04-01-at-17.01.00.jpeg","datePublished":"2026-04-02T13:43:13+00:00","dateModified":"2026-04-02T13:43:16+00:00","description":"A l’abril, amb motiu de Sant Jordi, no podíem fer una altra cosa que presentar un llibre. T’esperem!","breadcrumb":{"@id":"https:\/\/www.acat.cat\/es\/tallers-events\/parlant-senten-la-gent-o-no\/#breadcrumb"},"inLanguage":"es","potentialAction":[{"@type":"ReadAction","target":["https:\/\/www.acat.cat\/es\/tallers-events\/parlant-senten-la-gent-o-no\/"]}]},{"@type":"ImageObject","inLanguage":"es","@id":"https:\/\/www.acat.cat\/es\/tallers-events\/parlant-senten-la-gent-o-no\/#primaryimage","url":"https:\/\/www.acat.cat\/wp-content\/uploads\/2026\/04\/WhatsApp-Image-2026-04-01-at-17.01.00.jpeg","contentUrl":"https:\/\/www.acat.cat\/wp-content\/uploads\/2026\/04\/WhatsApp-Image-2026-04-01-at-17.01.00.jpeg","width":1080,"height":1350,"caption":"\"Parlant s’entén la gent (o no!)\". Luís Casado."},{"@type":"BreadcrumbList","@id":"https:\/\/www.acat.cat\/es\/tallers-events\/parlant-senten-la-gent-o-no\/#breadcrumb","itemListElement":[{"@type":"ListItem","position":1,"name":"Portada","item":"https:\/\/www.acat.cat\/es\/inicio\/"},{"@type":"ListItem","position":2,"name":"Tallers i Esdeveniments","item":"https:\/\/www.acat.cat\/es\/tallers-events\/"},{"@type":"ListItem","position":3,"name":"Parlant s’entén la gent (o no!)"}]},{"@type":"WebSite","@id":"https:\/\/www.acat.cat\/es\/#website","url":"https:\/\/www.acat.cat\/es\/","name":"ACAT","description":"Associació Catalana d&#039;Anàlisi Transaccional","publisher":{"@id":"https:\/\/www.acat.cat\/es\/#organization"},"potentialAction":[{"@type":"SearchAction","target":{"@type":"EntryPoint","urlTemplate":"https:\/\/www.acat.cat\/es\/?s={search_term_string}"},"query-input":{"@type":"PropertyValueSpecification","valueRequired":true,"valueName":"search_term_string"}}],"inLanguage":"es"},{"@type":"Organization","@id":"https:\/\/www.acat.cat\/es\/#organization","name":"ACAT","url":"https:\/\/www.acat.cat\/es\/","logo":{"@type":"ImageObject","inLanguage":"es","@id":"https:\/\/www.acat.cat\/es\/#\/schema\/logo\/image\/","url":"https:\/\/www.acat.cat\/wp-content\/uploads\/2025\/12\/Logo-ACAT-Final-horizontal-scaled.png","contentUrl":"https:\/\/www.acat.cat\/wp-content\/uploads\/2025\/12\/Logo-ACAT-Final-horizontal-scaled.png","width":2560,"height":639,"caption":"ACAT"},"image":{"@id":"https:\/\/www.acat.cat\/es\/#\/schema\/logo\/image\/"}}]}</script>
<!-- / Yoast SEO plugin. -->

Parlant s’entén la gent (o no!), per Lluís Casado - ACAT

A l’abril, amb motiu de Sant Jordi, no podíem fer una altra cosa que presentar un llibre. T’esperem!

"Parlant s’entén la gent (o no!)". Luís Casado.

Associació Catalana d&#039;Anàlisi Transaccional
